s digit of 873999963?
7
What is the thousands digit of 2290864260?
4
What is the tens digit of 4172159376?
7
What is the ten millions digit of 69450892?
6
What is the thousands digit of 34389097?
9
What is the tens digit of 740373846?
4
What is the tens digit of 90417439?
3
What is the hundreds digit of 661330274?
2
What is the thousands digit of 53470921?
0
What is the hundred millions digit of 495771880?
4
What is the hundreds digit of 5040704890?
8
What is the hundred millions digit of 115151602?
1
What is the units digit of 673601561?
1
What is the hundreds digit of 66491533?
5
What is the hundred thousands digit of 3236934388?
9
What is the thousands digit of 719473336?
3
What is the hundreds digit of 90754525?
5
What is the thousands digit of 5114368470?
8
What is the ten thousands digit of 85141169?
4
What is the hundred millions digit of 319660199?
3
What is the units digit of 115458514?
4
What is the ten thousands digit of 1029337985?
3
What is the thousands digit of 222205020?
5
What is the tens digit of 2668654?
5
What is the hundred thousands digit of 166647207?
6
What is the hundred millions digit of 5101168643?
1
What is the hundred thousands digit of 6004810151?
8
What is the tens digit of 3730557953?
5
What is the millions digit of 1560799778?
0
What is the hundred thousands digit of 326079255?
0
What is the ten thousands digit of 19288471?
8
What is the billions digit of 1369528911?
1
What is the hundred millions digit of 253174023?
2
What is the ten thousands digit of 3609491922?
9
What is the tens digit of 122597339?
3
What is the hundred thousands digit of 639460992?
4
What is the millions digit of 953843908?
3
What is the ten thousands digit of 30306899?
0
What is the ten thousands digit of 371740711?
4
What is the millions digit of 90204126?
0
What is the hundred thousands digit of 365169214?
1
What is the hundreds digit of 486325717?
7
What is the ten thousands digit of 1305973284?
7
What is the hundred thousands digit of 50762339?
7
What is the millions digit of 1629045693?
9
What is the ten thousands digit of 15338193?
3
What is the hundred thousands digit of 672008180?
0
What is the units digit of 14534770?
0
What is the hundred millions digit of 479048175?
4
What is the ten millions digit of 23895728?
2
What is the hundreds digit of 10471917?
9
What is the hundred millions digit of 1154579035?
1
What is the ten millions digit of 446081975?
4
What is the ten thousands digit of 68730009?
3
What is the millions digit of 485268360?
5
What is the thousands digit of 754471353?
1
What is the units digit of 199815655?
5
What is the thousands digit of 245949780?
9
What is the units digit of 686230841?
1
What is the thousands digit of 259336738?
6
What is the tens digit of 183370651?
5
What is the units digit of 49247289?
9
What is the hundred millions digit of 779195084?
7
What is the thousands digit of 225196862?
6
What is the units digit of 48296648?
8
What is the hundred millions digit of 189160470?
1
What is the ten millions digit of 5008264124?
0
What is the tens digit of 54352428?
2
What is the thousands digit of 40240392?
0
What is the tens digit of 312141785?
8
What is the ten thousands digit of 457104320?
0
What is the ten millions digit of 597853108?
9
What is the ten millions digit of 16351203?
1
What is the tens digit of 110708610?
1
What is the hundred thousands digit of 1665847814?
8
What is the thousands digit of 1592873266?
3
What is the millions digit of 995334780?
5
What is the ten millions digit of 55369170?
5
What is the thousands digit of 86194632?
4
What is the units digit of 27421232?
2
What is the hundred millions digit of 2513067069?
5
What is the hundreds digit of 67122493?
4
What is the ten thousands digit of 1968049157?
4
What is the thousands digit of 49648024?
8
What is the hundreds digit of 4966430?
4
What is the billions digit of 1656543782?
1
What is the hundreds digit of 488785200?
2
What is the ten thousands digit of 38277356?
7
What is the ten thousands digit of 253909494?
0
What is the millions digit of 340368499?
0
What is the tens digit of 6591717109?
0
What is the hundreds digit of 164993544?
5
What is the tens digit of 440407216?
1
What is the hundreds digit of 1103734513?
5
What is the hundreds digit of 2696235323?
3
What is the ten millions digit of 25315320?
2
What is the hundreds digit of 18956465?
4
What is the units digit of 115493807?
7
What is the units digit of 33425631?
1
What is the millions digit of 135858211?
5
What is the ten millions digit of 1930376140?
3
What is the thousands digit of 150607532?
7
What is the hundred thousands digit of 8298579?
2
What is the ten thousands digit of 85781035?
8
What is the hundred thousands digit of 1186714?
1
What is the units digit of 523326839?
9
What is the units digit of 8003071858?
8
What is the millions digit of 15816180?
5
What is the millions digit of 389922928?
9
What is the hundreds digit of 91385984?
9
What is the millions digit of 362236202?
2
What is the units digit of 294005074?
4
What is the tens digit of 52780994?
9
What is the hundred thousands digit of 38055398?
0
What is the hundreds digit of 225352186?
1
What is the billions digit of 2548614511?
2
What is the ten millions digit of 2613298463?
1
What is the thousands digit of 3154074820?
4
What is the thousands digit of 45143803?
3
What is the hundred thousands digit of 136123343?
1
What is the hundreds digit of 32753634?
6
What is the thousands digit of 89366341?
6
What is the units digit of 2235634083?
3
What is the tens digit of 911688343?
4
What is the millions digit of 337539749?
7
What is the thousands digit of 145423449?
3
What is the units digit of 68050300?
0
What is the units digit of 208912743?
3
What is the hundred thousands digit of 104115928?
1
What is the millions digit of 29781384?
9
What is the thousands digit of 174789878?
9
What is the ten millions digit of 19681176?
1
What is the hundred thousands digit of 36601046?
6
What is the hundreds digit of 7040188?
1
What is the hundred thousands digit of 608402902?
4
What is the hundreds digit of 39207381?
3
What is the ten thousands digit of 2593265655?
6
What is the tens digit of 181671?
7
What is the hundreds digit of 2699998255?
2
What is the millions digit of 1677755583?
7
What is the ten millions digit of 82525077?
8
What is the ten thousands digit of 1463006944?
0
What is the ten thousands digit of 1730028459?
2
What is the units digit of 3121839606?
6
What is the thousands digit of 52975727?
5
What is the ten millions digit of 139370708?
3
What is the hundred millions digit of 2374990847?
3
What is the millions digit of 3258397385?
8
What is the tens digit of 584915554?
5
What is the thousands digit of 60674668?
4
What is the hundred thousands digit of 5268120?
2
What is the hundreds digit of 607062578?
5
What is the billions digit of 7944846415?
7
What is the millions digit of 1250659399?
0
What is the ten thousands digit of 1101866392?
6
What is the units digit of 5005394848?
8
What is the thousands digit of 99552622?
2
What is the ten millions digit of 226888023?
2
What is the thousands digit of 81434677?
4
What is the hundred thousands digit of 6093490?
0
What is the hundred thousands digit of 3649617151?
6
What is the tens digit of 267397883?
8
What is the millions digit of 235795175?
5
What is the units digit of 2123846538?
8
What is the ten thousands digit of 64537568?
3
What is the thousands digit of 5832478534?
8
What is the thousands digit of 38284851?
4
What is the tens digit of 20411262?
6
What is the units digit of 30073652?
2
What is the ten thousands digit of 34994830?
9
What is the billions digit of 4496632484?
4
What is the tens digit of 18567463?
6
What is the hundred thousands digit of 571589531?
5
What is the ten millions digit of 733895949?
3
What is the hundred thousands digit of 4264732?
2
What is the thousands digit of 150326241?
6
What is the ten millions digit of 75887966?
7
What is the hundred millions digit of 1677399630?
6
What is the hundreds digit of 250161878?
8
What is the units digit of 12019618?
8
What is the ten millions digit of 2122451126?
2
What is the tens digit of 344619417?
1
What is the millions digit of 219483401?
9
What is the units digit of 5156816